s 28 divide 2954?
False
Does 48 divide 3648?
True
Is 20 a factor of 9240?
True
Is 203 a factor of 19947?
False
Is 17 a factor of 117810?
True
Does 15 divide 745?
False
Is 21315 a multiple of 145?
True
Does 30 divide 9360?
True
Is 2451 a multiple of 57?
True
Is 5127 a multiple of 18?
False
Does 5 divide 29?
False
Is 130 a factor of 18200?
True
Is 19 a factor of 53846?
True
Is 23 a factor of 46604?
False
Is 860 a multiple of 24?
False
Is 870 a multiple of 19?
False
Is 387 a multiple of 43?
True
Is 24 a factor of 5571?
False
Is 60 a factor of 16380?
True
Is 21 a factor of 391?
False
Is 13 a factor of 104?
True
Is 6104 a multiple of 109?
True
Is 21 a factor of 896?
False
Is 3 a factor of 29?
False
Is 8 a factor of 443?
False
Is 21242 a multiple of 38?
True
Does 5 divide 653?
False
Is 34258 a multiple of 14?
True
Does 5 divide 8546?
False
Is 12 a factor of 1933?
False
Is 5998 a multiple of 106?
False
Does 14 divide 1327?
False
Is 3225 a multiple of 43?
True
Is 6 a factor of 1524?
True
Is 25316 a multiple of 308?
False
Is 67 a multiple of 8?
False
Is 19 a factor of 2223?
True
Does 256 divide 5376?
True
Is 9 a factor of 489?
False
Does 112 divide 2824?
False
Is 116 a multiple of 29?
True
Does 7 divide 1553?
False
Does 241 divide 11809?
True
Is 2255 a multiple of 5?
True
Is 74733 a multiple of 45?
False
Is 13 a factor of 93730?
True
Is 3 a factor of 267?
True
Is 15 a factor of 15?
True
Is 83 even?
False
Does 21 divide 7140?
True
Is 30916 a multiple of 59?
True
Does 3 divide 4661?
False
Is 730 a multiple of 73?
True
Does 41 divide 13489?
True
Is 1282 a multiple of 11?
False
Is 2170 a multiple of 61?
False
Is 217 a multiple of 31?
True
Is 69 a factor of 209?
False
Is 10 a factor of 880?
True
Is 16598 a multiple of 74?
False
Is 19 a factor of 5453?
True
Does 19 divide 184533?
False
Is 38528 a multiple of 86?
True
Is 161 a factor of 9338?
True
Is 578 even?
True
Does 193 divide 8681?
False
Is 1984 a multiple of 16?
True
Is 885 a multiple of 5?
True
Is 72 a multiple of 24?
True
Does 8 divide 1624?
True
Is 16064 a multiple of 4?
True
Does 51 divide 408?
True
Is 25 a factor of 1400?
True
Is 4573 a multiple of 35?
False
Does 177 divide 28528?
False
Does 16 divide 55041?
False
Is 1456 a multiple of 5?
False
Does 25 divide 5117?
False
Does 63 divide 60228?
True
Is 475 a multiple of 25?
True
Is 25 a factor of 533?
False
Is 14 a factor of 1092?
True
Is 2 a factor of 124?
True
Does 9 divide 1683?
True
Is 10 a factor of 5859?
False
Is 1956 a multiple of 12?
True
Is 90 a factor of 3780?
True
Is 109 a factor of 4060?
False
Is 1996 a multiple of 8?
False
Does 118 divide 4956?
True
Is 16579 a multiple of 59?
True
Is 70 a factor of 3832?
False
Is 10 a factor of 242?
False
Is 24 a factor of 2842?
False
Is 35 a factor of 116830?
True
Is 11 a factor of 2166?
False
Does 50 divide 1774?
False
Is 25 a factor of 49200?
True
Does 57 divide 11400?
True
Is 12343 a multiple of 43?
False
Is 54 a factor of 270?
True
Does 141 divide 40749?
True
Is 7 a factor of 6223?
True
Is 8 a factor of 376?
True
Does 134 divide 3886?
True
Is 2015 a multiple of 13?
True
Does 15 divide 18590?
False
Is 16350 a multiple of 3?
True
Is 39 a multiple of 2?
False
Is 109 a multiple of 3?
False
Does 122 divide 18300?
True
Is 4941 a multiple of 81?
True
Is 3 a factor of 229?
False
Does 77 divide 847?
True
Does 6 divide 9019?
False
Does 51 divide 15453?
True
Is 7 a factor of 1223?
False
Is 93 a multiple of 42?
False
Does 72 divide 8443?
False
Is 11919 a multiple of 29?
True
Does 20 divide 62440?
True
Is 17 a factor of 306?
True
Is 34 a factor of 7378?
True
Is 12 a factor of 4276?
False
Is 3624 a multiple of 7?
False
Is 37 a factor of 9213?
True
Is 704 a multiple of 32?
True
Is 13068 a multiple of 63?
False
Is 10 a factor of 810?
True
Does 20 divide 6330?
False
Is 6483 a multiple of 13?
False
Is 2427 a multiple of 16?
False
Is 405 a multiple of 15?
True
Is 84598 a multiple of 81?
False
Is 212 a factor of 29780?
False
Does 63 divide 29043?
True
Does 14 divide 588?
True
Is 609 a multiple of 21?
True
Is 43 a factor of 627?
False
Is 7938 a multiple of 18?
True
Is 38 a factor of 5130?
True
Is 37 a factor of 56?
False
Is 2083 a multiple of 2?
False
Is 1122 a multiple of 34?
True
Does 7 divide 588?
True
Is 536 a multiple of 67?
True
Does 23 divide 8050?
True
Is 8480 a multiple of 32?
True
Is 49 a factor of 196?
True
Does 2 divide 16535?
False
Does 49 divide 2651?
False
Does 50 divide 153904?
False
Does 37 divide 2072?
True
Does 40 divide 2410?
False
Does 3 divide 184?
False
Is 17769 a multiple of 2?
False
Is 8912 a multiple of 4?
True
Is 279 a factor of 50100?
False
Is 77422 a multiple of 13?
False
Is 9279 a multiple of 13?
False
Does 21 divide 67241?
False
Is 378 a multiple of 42?
True
Is 2000 a multiple of 40?
True
Is 36 a factor of 3456?
True
Is 41 a factor of 23433?
False
Is 9 a factor of 4482?
True
Is 25 a factor of 750?
True
Is 160 a multiple of 19?
False
Is 10 a factor of 330?
True
Is 296 a multiple of 33?
False
Does 29 divide 290?
True
Is 65 a factor of 3510?
True
Does 21 divide 282?
False
Does 19 divide 342?
True
Does 69 divide 690?
True
Does 11 divide 385?
True
Is 39195 a multiple of 19?
False
Is 2060 a multiple of 412?
True
Does 33 divide 33?
True
Does 18 divide 234?
True
Does 8 divide 21298?
False
Is 2 a factor of 67?
False
Is 44 a factor of 704?
True
Does 47 divide 18267?
False
Is 5 a factor of 235?
True
Does 40 divide 350?
False
Is 3 a factor of 63?
True
Is 20 a factor of 11843?
False
Is 28 a factor of 644?
True
Is 14 a factor of 327?
False
Is 24 a factor of 9648?
True
Is 15 a factor of 2460?
True
Is 13 a factor of 70?
False
Is 7180 a multiple of 49?
False
Does 36 divide 3096?
True
Is 735 a multiple of 35?
True
Is 2175 a multiple of 20?
False
Is 276 a factor of 47769?
False
Does 38 divide 35245?
False
Is 2 a factor of 141?
False
Does 13 divide 9100?
True
Is 13 a factor of 785?
False
Is 781 a multiple of 71?
True
Does 28 divide 17739?
False
Is 26 a factor of 571?
False
Is 7 a factor of 170?
False
Is 1764 even?
True
Does 16 divide 4688?
True
Is 5 a factor of 1728?
False
Is 120 a factor of 1531?
False
Is 7920 a multiple of 88?
True
Is 1344 a multiple of 18?
False
Is 4 a factor of 967?
False
Does 31 divide 3565?
True
Is 2878 a multiple of 8?
False
Is 119 a multiple of 4?
False
Is 16060 a multiple of 55?
True
Is 60 a factor of 13727?
False
Is 9 a factor of 477?
True
Is 4233 a multiple of 51?
True
Is 106 a factor of 3335?
False
Does 13 divide 27404?
True
Is 4 a factor of 593?
False
Does 6 divide 539?
False
Is 302 a multiple of 112?
False
Is 61 a factor of 2996?
False
Is 39 a factor of 8387?
False
Is 1410 a multiple of 94?
True
Is 1591 a multiple of 7?
False
Is 7641 a multiple of 27?
True
Does 222 divide 5106?
True
Does 3 divide 11258?
False
Does 67 divide 6365?
True
Is 10 a factor of 24?
False
Is 61 a factor of 4758?
True
Does 33 divide 14493?
False
Does 89 divide 1424?
True
Does 14 divide 1554?
True
Is 8742 a multiple of 141?
True
Does 64 divide 1756?
False
Is 107 a multiple of 35?
False
Is 29 a factor of 783?
True
Is 3 a factor of 217?
False
Is 86 a factor of 8342?
True
Is 2408 a multiple of 14?
True
Is 35 a factor of 1316?
False
Does 10 divide 19?
False
Is 19 a factor of 9481?
True
Does 16 divide 592?
True
Is 1022 a multiple of 14?
True
Does 6 divide 295?
False
Is 266 a multiple of 2?
True
Is 1056 a multiple of 16?
True
Is 27 a factor of 432?
True
Is 18441 a multiple of 4?
False
Is 6 a factor of 17829?
False
Is 322 a multiple of 16?
False
Is 1889 a multiple of 19?
False
Is 19616 a multiple of 78?
False
Does 12 divide 25320?
True
Does 11 divide 230?
False
Does 17 divide 4590?
True
Is 190 a multiple of 31?
False
Is 1350 a multiple of 25?
True
Is 83 a multiple of 4?
False
Does 5 divide 3211?
False
Is 103 a factor of 7522?
False
Is 5591 a multiple of 58?
False
Does 50 divide 126800?
True
Is 9 a factor of 4248?
True
Does 6 divide 2488?
False
Does 36 divide 6768?
True
Is 10 a factor of 608?
False
Is 2091 a multiple of 17?
True
Is 37 a factor of 1451?
False
Does 43 divide 3172?
False
Is 7 a factor of 7847?
True
Is 10 a factor of 2072?
False
Is 4 a factor of 1174?
False
Is 205 a factor of 13595?
False
Is 491 a multiple of 4?
False
Is 1104 a multiple of 12?
True
Is 442 a multiple of 12?
False
Does 5 divide 2415